2*y - 1. Let k be u(1). Suppose k*o + 296 = 96. Let z = o + 63. Does 14 divide z?
False
Let q(r) = -176*r - 1. Let z be q(-1). Suppose 2*x = t + z, 2*x + 3*t - 165 = 2*t. Let n = x - 25. Is n a multiple of 17?
False
Suppose 5*r - 410 - 90 = 0. Suppose -2*w + 3*w - r = 0. Suppose -w = -5*y - 4*m, -49 = -5*y - 5*m + 56. Is 12 a factor of y?
False
Let j(x) = -x**3 + 3*x**2 + 3*x + 3. Is j(-2) even?
False
Let m(l) = -l**2 - 1. Let r be m(-1). Let d = r + 15. Does 5 divide d?
False
Let b be (6/(-9))/(4/(-150)). Suppose w = -0*w - y + b, -3*y - 165 = -5*w. Does 8 divide w?
False
Let f be 46/6 - (-12)/36. Let r = f - -1. Is r a multiple of 3?
True
Let k = -6 - -9. Let j be 1*(-2 + 6/k). Suppose -2*h + 42 = -j*h. Is 7 a factor of h?
True
Let c = 1 + 4. Is 2 a factor of c?
False
Let a = -9 - -5. Let y be (a - -402)/((-4)/6). Is y/(-18) + (-1)/6 a multiple of 23?
False
Let w(x) = -x**2 - 10*x - 13. Let u be w(-9). Let c(p) = -p**3 - p**2 - 3*p + 3. Is 13 a factor of c(u)?
False
Suppose 0 = -2*s + 13 + 29. Let k be 6/s - 4/14. Suppose k*d - 4*d + 12 = 0, -w - 5*d + 18 = 0. Is 2 a factor of w?
False
Suppose 0 = 3*b + 3*t - 6, 2*b - 1 = -4*t - 5. Let y(a) = -2*a**2 - 2*a + 1. Let c be y(1). Let i = c + b. Does 2 divide i?
False
Let h(v) = -2*v + 5. Let y be h(10). Let r = 35 + y. Is r - (-2 + 0 + 1) a multiple of 8?
False
Suppose 0 = 4*m - 12, -4*m = 3*p - 732 - 96. Does 20 divide p?
False
Let d(j) = j**3 - 5*j**2 - j + 4. Does 13 divide d(6)?
False
Suppose 0 = -4*b - 5*p + 128, -3*b = -3*p + p - 96. Is 23 a factor of b?
False
Suppose 17 = -3*f + 2*f. Let m = -12 - f. Is 5 a factor of m?
True
Suppose 7*s = 2*s + 250. Suppose 0 = t - 4, s = 2*j + t + 4*t. Does 7 divide j/(-6)*-2*2?
False
Let i(u) = -u**3 - 6*u**2 - 7*u - 1. Is i(-5) a multiple of 9?
True
Let d(z) = -z - 8. Let k be d(-6). Is 11 a factor of k/((15/48)/(-5))?
False
Let r be 4/14 + (-187)/(-7). Let o be (9/(-4))/(7/(-56)). Suppose s - b - r = b, -2*s + o = 5*b. Does 8 divide s?
False
Let q be (-8 - -2)/(-3)*-1. Let z = 0 - q. Suppose s - 24 = -0*s + z*u, u = 1. Is s a multiple of 13?
True
Let f(d) = -2*d**2 + 19*d**3 - 2 + 0 + 2*d + 0 + 1. Does 11 divide f(1)?
False
Let b(y) = -5*y - 4 - 4*y**2 + y + 10*y**2 + y**3 - y. Let t = -16 - -10. Is b(t) a multiple of 9?
False
Let f = 116 - 107. Is f a multiple of 2?
False
Let s = 14 + -10. Is s even?
True
Let a(l) = l**3 + 5*l**2 - 8*l + 3. Let m be 25/(-4) + 5/20. Is a(m) a multiple of 15?
True
Suppose 3*k - 5*o + 3 = -4, o = k + 1. Let w be 0 - ((0 - k) + -2). Suppose w*t + 138 = 6*t. Is t a multiple of 16?
False
Suppose 6 + 0 = 2*h. Suppose f + 4*f - 20 = -5*j, h*j = -f + 10. Suppose 4*t - j*t = 15. Is 13 a factor of t?
False
Is 56/3 + 8/(-12) a multiple of 11?
False
Suppose -k - 3 + 1 = 0. Let s be k/(-8) - (-33)/12. Suppose 13 = 3*f - f + s*m, -2*f - 4*m = -12. Is 6 a factor of f?
False
Suppose 6*o - 4*o - 100 = 0. Let j be 1092/(-77) + (-2)/(-11). Let v = o + j. Does 18 divide v?
True
Is 22 a factor of 2/(-2)*3 - (-199 + -1)?
False
Let u(x) = -4*x**3 - 15*x**2 - x + 4. Is u(-4) a multiple of 5?
False
Let w = 60 - -8. Suppose -w = -c - c. Is 17 a factor of c?
True
Let c(a) be the first derivative of a**3/3 - 5*a**2/2 + 4*a - 3. Let z be c(4). Let l(v) = v**3 + v + 19. Is l(z) a multiple of 16?
False
Let u(g) = g**2 - 6. Suppose 2*b = 3*b - 6. Does 10 divide u(b)?
True
Suppose -4*w + 5*g = 40, -4*w - 8*g + 3*g = 0. Let n(j) = -2*j + 3. Is 4 a factor of n(w)?
False
Suppose l - 2*t + 2 + 3 = 0, -2*l + 3*t = 6. Suppose -l*k + 52 = k. Does 13 divide k?
True
Let t = 0 - -3. Suppose -2 + 18 = -t*d + 5*n, -3*d + 2*n = 1. Suppose -5*r + 154 = -i, 3*i + 50 + 52 = d*r. Is 15 a factor of r?
True
Let s = -1359 - -2400. Let m = s + -381. Does 9 divide m/25 + (-6)/(-10)?
True
Is (-1955)/(-68) - 3/4 a multiple of 25?
False
Let u = -3 - -5. Let k = u - -3. Does 3 divide k?
False
Suppose 40 = -2*c + 10. Is 13 a factor of ((-114)/c)/(1/5)?
False
Let v(l) = l**3 + 7*l**2 + 5*l - 7. Is v(-5) a multiple of 6?
True
Let n(h) = 32*h**2. Let c(u) = -u + 1 + 4 + 3 + 0*u. Let s be c(9). Is 9 a factor of n(s)?
False
Let z be (2/2)/(1/2). Is 15 a factor of (26/z)/(2/6)?
False
Suppose -3*z + 0*g + 2*g + 105 = 0, 0 = -5*z + g + 182. Suppose -2*f + 94 = 4*s, z + 10 = f - 4*s. Suppose -l - 3 = -f. Is l a multiple of 16?
False
Suppose 3*w = 4*w - 5. Suppose 18 = w*c - 7. Is c a multiple of 5?
True
Let c(h) = 4*h**2 - 4*h - 4. Suppose -14 = 5*m + 1. Does 11 divide c(m)?
True
Let k = -3 - -22. Does 10 divide k?
False
Let i be (-10)/3*42/(-5). Let f = i - 14. Is f a multiple of 14?
True
Let l be 76*(-2 - 1)/3. Let h = -49 - l. Is 18 a factor of h?
False
Suppose 5*b + 0*b = 20. Let p be -2 + (-34)/(b/(-2)). Suppose -5*i + p = -6*m + 4*m, -2*i - 10 = -4*m. Does 4 divide m?
False
Suppose 0 = 4*n - 15 - 65. Is 9 a factor of n?
False
Let w be 2/(-8) + 4/16. Suppose w = 3*s - 7 + 1. Is -2*(s - (-70)/(-4)) a multiple of 14?
False
Suppose 5*g - 2*l - 338 = 0, -5*l = g - 40 - 6. Does 22 divide g?
True
Suppose 3*s - 20 = 5*r, 2*s = -4*r - r + 5. Suppose -20 = -5*w + s. Is 5 a factor of w?
True
Is 2 a factor of ((-6)/(-18))/((-1)/(-54) - 0)?
True
Let o(k) = -k**3 - 4*k**2 + 5*k + 3. Let a(t) = t**2 + 7*t + 1. Let d be a(-6). Does 2 divide o(d)?
False
Let f be 11 + -1 + (0 - 0). Is 44/f + 2/(-5) even?
True
Let f(l) = l**2 - 8*l + 7. Let c be f(7). Suppose -3*u + u + 32 = c. Suppose -u = -4*r, -66 = -4*i - 3*r + 6. Is 12 a factor of i?
False
Let v(b) = -33*b + 17. Is v(-5) a multiple of 14?
True
Let u(y) = -18*y + 2. Suppose -9 = -3*g + 3*n, g + 2*g + 5*n + 23 = 0. Does 20 divide u(g)?
True
Let s be 18 - 1/((-1)/1). Let m = s - 8. Is m a multiple of 10?
False
Suppose -4*l - 48 = 4*b, 5 = -4*l + 5*b + 2. Let r = 11 + l. Suppose -5*z + 59 = r*x - 98, -119 = -3*x - 5*z. Is x a multiple of 19?
True
Let b = 52 + 2. Is 18 a factor of b?
True
Suppose o + 17 = -p + 59, 0 = p + 2*o - 45. Is 15 a factor of p?
False
Let w = -1 + 0. Let s = -1 + w. Is 7 + (0 - 0)/s a multiple of 7?
True
Suppose 0*z + 8 = z. Let q be 4/z + (-58)/(-4). Is 2/(-6)*-2*q a multiple of 9?
False
Suppose -3*x = -6*x + 96. Does 4 divide x?
True
Let v be 4*((-14)/(-4) - 2). Let q(g) be the third derivative of g**4/8 - 4*g**3/3 - g**2. Is q(v) a multiple of 10?
True
Let b(n) = 2*n**2 + 5*n + 2. Suppose -3*r - 4*i = -5*r - 32, r - i = -14. Let y = 8 + r. Is 14 a factor of b(y)?
True
Suppose 4*u = v - 0*v + 1109, 5*u + 4*v - 1381 = 0. Is 14 a factor of u?
False
Let j(g) = -2. Let k(v) = -v + 1. Let o(h) = -4*j(h) - 5*k(h). Is 8 a factor of o(3)?
False
Let o be (-21)/(-2)*-2 - 1. Let u = o - -34. Is u a multiple of 7?
False
Let t(i) = 8*i - 1. Suppose 3 = v, -4*a = -0*a - 4*v - 4. Suppose m = -u + 8, 2*m + a*u - 31 = -u. Is t(m) a multiple of 8?
False
Suppose 2*u = 59 + 53. Is u a multiple of 14?
True
Is 5 a factor of -1*((-19 - 0) + 2)?
False
Suppose -r - 4*r - 50 = 0. Let g be (-1)/((-1)/r*-2). Suppose 0 = -g*d + 7 + 13. Is 4 a factor of d?
True
Let t be (-1)/(-1 + 3/2). Is 1/t + (-14)/(-4) a multiple of 2?
False
Let b be (-2)/(((-12)/315)/(-2)). Is 24 a factor of (b/3 - 0)*-1?
False
Let j = 28 + -2. Does 12 divide j?
False
Let j(i) = -8*i + 32*i**2 + 7 - 31*i**2 + 1. Let s = -14 - -23. Is j(s) a multiple of 5?
False
Let u be (-1 - (-1)/2)*-6. Let a(o) = -9*o. Let j be a(-6). Suppose 0 = u*k - 0*k - j. Is 11 a factor of k?
False
Let h(v) = -v - 3. Let w be h(-5). Let y be (2/5)/(w/30). Does 14 divide 172/y - 4/6?
True
Let j(r) be the second derivative of r**5/20 + 7*r**4/12 - 2*r**3 - r**2 + r. Does 9 divide j(-8)?
False
Suppose m - 2*m + 2 = 0. Suppose 3 = d - m. Let t = d - -4. Is 5 a factor of t?
False
Suppose g + 4*h - 106 = 0, h + 96 = g - 0*g. Let c be ((-1 - 8)/(-3))/1. Suppose c*i = -4*l + g, -5*i + 2*i - 32 = -l. Is l a multiple of 15?
False
Let v(i) be the first derivative of -21*i**2/2 + 20*i + 1. Let a(t) = -7*t + 7. Let q(r) = 17*a(r) - 6*v(r). Is q(3) a multiple of 17?
False
Let i(n) = 27*n + 3. Is 10 a factor of i(1)?
True
Suppose -u - 3*u = -96. Suppose g - u = 2. Is 13 a factor of g?
True
Let s(r) = 4*r + 2. Let p be s(5). Suppose -2*o = -3*o + p. Is o a multiple of 22?
True
Let z = 18 + 12. Is 10 a factor of z?
True
Let r(a) = a**3 + 7*a**2 + 3*a - 5. Let d be r(-6). Suppose g - 80 = -3*g. Let o = g - d. Does 7 di